+ 7. What is the greatest common factor of u and c?
11
Suppose 59*v - 4700 = -2*m + 54*v, 4*m - 9400 = 2*v. What is the highest common factor of m and 188?
94
Let p(o) = -o. Let k be p(-2). Suppose -18 = t - k*t. Calculate the highest common divisor of 126 and t.
18
Let k(q) = -27*q**2 + 19*q + 4. Let h be k(-4). Let t be 6 - h/(-81) - 292/(-18). Calculate the greatest common factor of 40 and t.
8
Suppose m + 2 - 8 = 0. Suppose 2*p - m*p + 12 = 0. Calculate the highest common divisor of p and 27.
3
Let j be ((-8)/(-5))/(13/130). Calculate the highest common divisor of j and 2.
2
Let v(c) = 2*c - 29. Let s be v(20). Suppose -2*d + 2*n + 1 + s = 0, 3*d + 4*n - 4 = 0. What is the highest common factor of d and 44?
4
Suppose -20*m + 48 = -192. What is the greatest common factor of m and 39?
3
Let i(c) = -c**3 + 11*c**2 - 15*c + 17. Let v be (-10 - 2)*21/(-28). Let l be i(v). Calculate the highest common factor of 66 and l.
22
Let b be 40/6*(-12)/(-5). Let r be (-15)/21 + (-6)/21. Let i(l) = -41*l**3 - 2*l**2 - 2*l - 1. Let t be i(r). What is the greatest common factor of b and t?
8
Let m = 16 - -11. Suppose -540 = -4*r + 4*q, 5*r = q + 654 + 21. Calculate the greatest common divisor of m and r.
27
Let n(s) = 6*s**2 + 2*s**2 - 4*s - 8*s**3 - 4*s**3 - 12*s**2. Let f be n(-2). Calculate the highest common divisor of 22 and f.
22
Suppose 2*h - 5*p = 7 + 20, h - 9 = p. Suppose 0 = 3*o + 2*o + 3*z + 39, -h = 2*z. Let b be o/3*(-3 + -1). Calculate the highest common divisor of 56 and b.
8
Let q(c) = 97*c**2 + 29*c - 50. Let k be q(2). What is the highest common divisor of k and 99?
99
Suppose 16*h - 12*h - 76 = 0. Let r = 318 + -147. What is the greatest common divisor of r and h?
19
Suppose -6*r - 2*r + 32 = 0. Suppose -r*b - 450 = -13*b. Calculate the highest common factor of 125 and b.
25
Suppose h - f = 86 - 40, 4*h - 2*f = 180. What is the highest common divisor of h and 2024?
44
Let r(x) = x**2 + 6*x - 12. Let g be r(2). Suppose 4*i + 11 = g*m - 153, -2*m + 97 = -5*i. What is the greatest common factor of m and 4?
4
Let d = -646 + 668. What is the highest common divisor of 1969 and d?
11
Suppose n - 5*m - 2 = 2*n, -4*n + 2*m = -58. Suppose -3*b + 2*b + n = 0. Calculate the highest common factor of b and 39.
13
Let z(t) = -2*t**3 + 5*t + 2. Let h be z(-4). Let p(c) = -c**2 + 13*c - 10. Let o be p(14). Let w = o - -34. Calculate the highest common divisor of h and w.
10
Let b = 50 + -22. Suppose 5 - 7 = -v, 2*x = 2*v + b. Let y be 4/3 + 2/3. Calculate the highest common factor of y and x.
2
Let y(l) = l**2 + 29*l + 212. Let x be y(-17). Let j be (-50)/(-3) + (-2)/3. What is the greatest common divisor of j and x?
8
Suppose 4 + 8 = 4*n. Suppose -w + 44 = -4*o, 2*w - w + n*o = 51. Suppose -4*x - 3*d = -182, -2*x + x = 2*d - w. What is the highest common factor of x and 11?
11
Let q = 260 - 220. Suppose -2*r = -3*g + 23, -g + 3*r + 22 = g. What is the greatest common divisor of q and g?
5
Suppose 12*u = 1642 - 502. What is the highest common divisor of 513 and u?
19
Let d(p) = -p - 5. Let o be d(-5). Suppose -3*r - 5*w = -o*w - 132, -5*w = r - 44. Calculate the greatest common factor of 66 and r.
22
Let i be (-337392)/(-1452) - 8/22. Calculate the greatest common factor of 174 and i.
58
Let z = 237 - -132. What is the greatest common factor of 9 and z?
9
Let d(n) = -5*n - 3*n - 14 - n + 6*n. Let u be d(-6). What is the greatest common divisor of 20 and u?
4
Let p = -425 + 437. Calculate the greatest common factor of p and 15.
3
Let d be ((-250)/6)/5*(1 + 2). Let k = 44 + d. Let w(o) = 96*o**2 - 1. Let s be w(1). What is the greatest common factor of s and k?
19
Suppose -4*g - 2 = -5*k, -3*g - 5*k = 2*g - 20. Suppose 0 = g*t - 51 + 35. Calculate the highest common factor of 28 and t.
4
Let v be (-4965)/(-45) - 13 - (-2)/(-6). Calculate the greatest common divisor of v and 97.
97
Let u(o) = -2*o**3 + 7*o**2 - 7. Let a be u(5). Let r = a - -89. What is the greatest common divisor of r and 56?
7
Let t = 130 + -70. Suppose 2*b = -k + 18, -2*k + 5*b = k - 10. Calculate the highest common divisor of k and t.
10
Suppose -2*o = 0, -15 = -3*s - 5*o + 15. Calculate the greatest common divisor of s and 360.
10
Let l(h) = -h**2 - 11*h + 38. Let y be l(-13). What is the highest common factor of 30 and y?
6
Let s(u) = 2*u**3 - 18*u**2 - 39*u - 45. Let n be s(11). Let r be 2 - 3/(3/(-28)). What is the greatest common divisor of r and n?
10
Suppose 3*c = 4 + 8. Suppose -4*z + c*q + 40 = -0, -5*q + 38 = 3*z. Calculate the greatest common divisor of 231 and z.
11
Let n be -5 + 4 + 1 + 70. Suppose 2*r - 173 = -5*b + 47, -4*b - 307 = -3*r. Calculate the highest common factor of n and r.
35
Suppose -85*o + 81*o + 240 = 0. What is the greatest common factor of o and 780?
60
Let t be (-3)/(-4) + 1908/16. What is the highest common factor of 400 and t?
40
Let w be ((29 - 0) + -4 + 4 + -1)/4. Let z = -36 - -99. Calculate the greatest common divisor of w and z.
7
Suppose 6*a = 4*a + 10. Suppose -a*x - 22 = -p, -2*x + 3*x - 3*p = -10. Let d be 6 + x/(-4) + -1. What is the greatest common divisor of d and 6?
6
Suppose -4*s - 9 + 173 = 0. What is the greatest common divisor of s and 697?
41
Let z(q) = q**3 + 23*q**2 - q - 5. Let c be z(-23). Calculate the greatest common divisor of c and 2.
2
Let w = -149 + 158. What is the greatest common divisor of w and 153?
9
Suppose -4*l = 7*z - 2*z - 1424, 268 = z + 5*l. Calculate the highest common factor of 112 and z.
16
Let m = -9 - -14. Let l = m + -3. Let x(f) = -f**3 + 2*f**2 + 3*f - 3. Let b be x(l). What is the greatest common factor of b and 3?
3
Suppose 40 = 5*d - 10. Suppose -1599*h + 10 = -1594*h. What is the highest common divisor of h and d?
2
Let l be (-418)/88 - 2/8. Let a = 47 + l. What is the highest common divisor of a and 14?
14
Let u = -132 - -168. What is the highest common divisor of 84 and u?
12
Suppose -4*n = -2*m - 276 - 188, 2*m + 578 = 5*n. Calculate the greatest common factor of n and 19.
19
Let n(q) = 7*q**2 + 14*q - 56. Let p be n(-15). What is the greatest common factor of 77 and p?
77
Let r = -12 - -26. Let c be (r/(-4))/(2/(-4)). Let u(m) = m**2 - 6*m + 7. Let p be u(6). What is the highest common factor of p and c?
7
Suppose 4*r + 5*b - 70 = 0, 4*r - 73 - 1 = -3*b. Calculate the greatest common divisor of r and 340.
20
Let q = -140 - -146. Let n be (-12)/q + 3 - -4. Calculate the highest common divisor of n and 5.
5
Suppose 2*k = 43 - 3. Let w = 563 + -555. What is the greatest common factor of k and w?
4
Suppose 0 = 5*v + y - 109, 2*v - 67 = -v + y. Let w be 2/(-11) - (-6538)/v. Let a = -1195 - -1222. What is the highest common factor of w and a?
27
Let i = -527 + 1151. Calculate the highest common factor of 36 and i.
12
Let f be 15 - (4 + 0 + 0). Let y(o) = -o**2 + 12*o - 7. Let g be y(f). Suppose 0*i = -g*i + 64. Calculate the greatest common divisor of i and 2.
2
Suppose 2*y + 17 = -3*c, 0 = 39*y - 36*y - c + 9. Let i(q) = -q**2 - q + 2 + 4*q**3 - 5*q**3 + 2. Let o be i(y). Calculate the highest common factor of 8 and o.
8
Suppose -10 = -5*h - 5, -a + 120 = 3*h. Calculate the greatest common factor of 26 and a.
13
Suppose 64 = 2*w - 86. Let v = w + -43. What is the greatest common factor of 8 and v?
8
Let g = -4 - -9. Suppose g*a - 2*h - 2 + 13 = 0, -2*a = 4*h + 14. Let v = 10 + a. Calculate the greatest common factor of 28 and v.
7
Let a(k) = -10*k + 130. Let p be a(12). What is the greatest common factor of 1810 and p?
10
Suppose 0 = 8*q - 36*q + 1008. What is the greatest common divisor of q and 252?
36
Suppose g - 187 = t, -2*t = -3*g + 512 + 49. What is the greatest common factor of g and 85?
17
Let l = 0 - -2. Let z = 523 - 501. Calculate the highest common factor of z and l.
2
Suppose 134 = 2*u - 92. Let i = u - 68. Calculate the greatest common factor of i and 18.
9
Suppose k - 24 + 3 = -i, -5*k + 111 = -i. Calculate the highest common factor of k and 11.
11
Let p(t) = 64*t - 60. Let j be p(2). What is the greatest common divisor of 374 and j?
34
Let t be ((-12)/2)/((60/27)/(-10)). What is the highest common factor of 675 and t?
27
Let t be (-18 + 2)*1*129/(-4). Suppose -t = -4*o - 120. What is the highest common divisor of 9 and o?
9
Suppose -3*w - 32 = -5. Let z(i) = -3*i - 11. Let n be z(w